base 12, what is -788 + 0?
-788
In base 8, what is 0 + 557?
557
In base 9, what is 21 - -18?
40
In base 2, what is 0 - -1101011?
1101011
In base 3, what is -1 + -102111?
-102112
In base 4, what is 121 - 102?
13
In base 2, what is -10010110111 - -1?
-10010110110
In base 14, what is 8a + -4?
86
In base 4, what is -32 - -3?
-23
In base 5, what is -320 + -1?
-321
In base 6, what is -24 + 1104?
1040
In base 12, what is -42 - -109?
87
In base 9, what is 16 - -378?
405
In base 10, what is -288 + 26?
-262
In base 12, what is b5 + -3?
b2
In base 3, what is 220202 - -1112?
222021
In base 16, what is -e + -5?
-13
In base 7, what is -2222 - -6?
-2213
In base 10, what is 5 - 73?
-68
In base 2, what is 10 - -1001110010?
1001110100
In base 3, what is 11021 + 10?
11101
In base 15, what is 3c7 + 1?
3c8
In base 12, what is -4 + 1425?
1421
In base 10, what is 46 - 4?
42
In base 10, what is -767 + 5?
-762
In base 11, what is -3 - 1a7?
-1aa
In base 12, what is 2 - 12b1?
-12ab
In base 6, what is -1 + -200?
-201
In base 7, what is -643 + 5?
-635
In base 16, what is -2 - -e17?
e15
In base 7, what is -5 - 644?
-652
In base 5, what is -103 + -4?
-112
In base 6, what is -14 - 13?
-31
In base 16, what is 27 - -2?
29
In base 16, what is 3 - 151?
-14e
In base 14, what is 2 + -9c3?
-9c1
In base 2, what is 10 - -1101010001?
1101010011
In base 7, what is -2 + -4?
-6
In base 2, what is -1 + -110011?
-110100
In base 12, what is -48 + 5?
-43
In base 13, what is 2 - -307?
309
In base 2, what is 1101001 + 10?
1101011
In base 3, what is -2 - 2201010?
-2201012
In base 7, what is -4 - -2260?
2253
In base 11, what is -1 - 331?
-332
In base 3, what is -2100011 - 100?
-2100111
In base 12, what is 56 - 96?
-40
In base 10, what is 19 + 61?
80
In base 5, what is -4 + -21212?
-21221
In base 15, what is 8c4 - -2?
8c6
In base 3, what is -20102 - -1?
-20101
In base 9, what is 7 + -68?
-61
In base 16, what is 89c + -14?
888
In base 7, what is 1135 + 2?
1140
In base 15, what is 0 - 15a?
-15a
In base 8, what is 20 + 114?
134
In base 3, what is 201 - -121012?
121220
In base 9, what is 156 - 2?
154
In base 10, what is 4 - 2?
2
In base 11, what is 6 + -683?
-678
In base 16, what is 227 + -d?
21a
In base 2, what is -101001101 - 1?
-101001110
In base 13, what is -3 + 434?
431
In base 9, what is 38 - 18?
20
In base 6, what is 51033 + -4?
51025
In base 8, what is 1 + -11015?
-11014
In base 10, what is 2 - 2614?
-2612
In base 4, what is -1 - -2230?
2223
In base 12, what is -1 + -3b?
-40
In base 7, what is 316 - -4?
323
In base 7, what is 1 - -1566?
1600
In base 5, what is 1124 - 10?
1114
In base 9, what is -187 - 6?
-204
In base 11, what is 44 + 1?
45
In base 16, what is 6 + 2a?
30
In base 13, what is -3b2 - -3?
-3ac
In base 3, what is -10 + 212011?
212001
In base 6, what is 1053 - -2?
1055
In base 4, what is 0 + -1001?
-1001
In base 14, what is 1a + 46d?
489
In base 16, what is -4f + 4?
-4b
In base 12, what is -18 - 30?
-48
In base 11, what is -7 + -a?
-16
In base 4, what is -10 + 101331?
101321
In base 10, what is 17 + -418?
-401
In base 4, what is 1 + -110?
-103
In base 8, what is -10 + 6?
-2
In base 15, what is -159 - 1?
-15a
In base 14, what is -69 - -1?
-68
In base 7, what is -340 - -3?
-334
In base 9, what is -6 + 8?
2
In base 4, what is -13313 - -3?
-13310
In base 12, what is -3 - 7aa?
-7b1
In base 6, what is -21530 + -2?
-21532
In base 7, what is 0 + -2023?
-2023
In base 12, what is 0 + -58?
-58
In base 6, what is 32 - -30?
102
In base 8, what is 63533 + 5?
63540
In base 12, what is -2 + 81?
7b
In base 8, what is -3 + -4437?
-4442
In base 10, what is 95 + 5?
100
In base 15, what is -3 + 331?
32d
In base 8, what is 66 - -122?
210
In base 6, what is 5 - 314?
-305
In base 5, what is 120 + 13?
133
In base 6, what is 0 + 214?
214
In base 12, what is -a - 288?
-296
In base 10, what is -6 + -582?
-588
In base 7, what is 341 + -2?
336
In base 3, what is -12100222 + -12?
-12101011
In base 10, what is -46 - -4?
-42
In base 10, what is 17 - -7?
24
In base 8, what is -67 - 14?
-103
In base 14, what is 963 - -1?
964
In base 6, what is -411 - 2?
-413
In base 9, what is 287 + -3?
284
In base 3, what is -11 + 10100?
10012
In base 3, what is -12 - -1001?
212
In base 13, what is 1c + 0?
1c
In base 3, what is 11 + -100210?
-100122
In base 4, what is -10 - 23110?
-23120
In base 7, what is 0 + -6?
-6
In base 13, what is 3 - -31?
34
In base 9, what is 16 + -1?
15
In base 10, what is -28 - 1?
-29
In base 9, what is -50 - -12?
-37
In base 9, what is -73 - -6?
-66
In base 11, what is -9 - 3?
-11
In base 10, what is 5 + -1868?
-1863
In base 9, what is -413 + -4?
-417
In base 13, what is 5 + b7?
bc
In base 3, what is 10 - -20?
100
In base 13, what is -3c8 + -c?
-407
In base 14, what is 3 - 16bc?
-16b9
In base 5, what is 14 + 41?
110
In base 15, what is -36 + 1?
-35
In base 3, what is 222002 - 112?
221120
In base 2, what is -11010 - 101?
-11111
In base 13, what is -57a9 + 3?
-57a6
In base 9, what is 54 - -11?
65
In base 12, what is 7 - 27?
-20
In base 4, what is -333 + 3?
-330
In base 3, what is -100 - -222?
122
In base 10, what is 3 - 546?
-543
In base 7, what is 1002 + 12?
1014
In base 13, what is 11a7 + 2?
11a9
In base 16, what is -3 - -50?
4d
In base 12, what is 0 + -230?
-230
In base 16, what is 51 - 5?
4c
In base 12, what is 30 - a?
22
In base 6, what is 41 - 0?
41
In base 7, what is 5 + -26515?
-26510
In base 6, what is 5 - 302?
-253
In base 6, what is 5301 - -5?
5310
In base 2, what is -10 - -110001?
101111
In base 10, what is 353 + 13?
366
In base 3, what is 21002222 + 12?
21010011
In base 8, what is 147454 - -5?
147461
In base 9, what is 281 - 3?
277
In base 3, what is 12 - 2022111?
-2022022
In base 13, what is -22cc - -3?
-22c9
In base 2, what is -10 + 111100000100?
111100000010
In base 7, what is -3 - 204?
-210
In base 14, what is -869 + -2?
-86b
In base 2, what is -100 - 10111011?
-10111111
In base 7, what is 5 + 20?
25
In base 9, what is -81 + -4?
-85
In base 14, what is 3 + 125?
128
In base 11, what is -52 + 97?
45
In base 2, what is 101 - 101000?
-100011
In base 16, what is 1f - 7?
18
In base 7, what is -211 + -5?
-216
In base 10, what is 3 - -602?
605
In base 14, what is c0 + 12?
d2
In base 10, what is -3 + 82?
79
In base 12, what is -15 + 83?
6a
In base 6, what is -2 + -205?
-211
In base 7, what is 3 - -301?
304
In base 7, what is 504 - -136?
643
In base 10, what is -2 + 87?
85
In base 15, what is -eb - 3?
-ee
In base 3, what is 12002 - 201?
11101
In base 16, what is -3d9 - 1?
-3da
In base 12, what is 97 - -b?
a6
In base 16, what is -1d - -7?
-16
In base 2, what is -1110001101 - 10?
-1110001111
In base 16, what is 1 + -a?
-9
In base 4, what is -11 - 131002?
-131013
In base 12, what is 0 - -12?
12
In base 14, what is -4 - -db?
d7
In base 13, what is 9a + a?
a7
In base 3, what is -21220000 + -11?
-21220011
In base 4, what is -1300120 - 0?
-1300120
In base 6, what is 51 + -13?
34
In base 3, what is -111 - -10?
-101
In base 4, what is 11201 - 3?
11132
In base 6, what is -115 - 4?
-123
In base 11, what is -29 + -149?
-177
In base 10, what is -349 + 4?
-345
In base 2, what is -11 + -1010110101100?
-1010110101111
In base 4, what is -333131 + 3?
-333122
In base 2, what is -11000 - 1011010?
-1110010
In base 2, what is -1000001 - 100?
-1000101
In base 2, what is 1001011101 - 100?
1001011001
In base 8, what is -7 - -5735?
5726
In base 4, what is -11 + 10112?
10101
In base 14, what is -4 - b06?
-b0a
In base 5, what is 131044 + -10?
131034
In base 11, what is 1 - 25?
-24
In base 4, what is -11 - -102?
31
In base 2, what is 1001 + -110000011100?
-110000010011
In base 13, what is 7 + 1b6?
1c0
In base 9, what is -120 + -5?
-125
In base 14, what is -10c + 27?
-c5
In base 6, what is 354 + -2?
352
In base 4, what is 13123 - 3?
13120
In base 7, what is 2 - -16065?
16100
In base 10, what is 544 - -14?
558
In base 6, what is -320 + -4?
-324
In base 3, what is 10 - -2211?
2221
In base 15, what is 0 - 1b68?
-1b68
In base 10, what is 3 - -924?
927
In base 11, what is 403 + -29?
385
In base 6, what is 5 - -1252?
1301
In base 12, what is 14 - 44?
-30
In base 11, what is -59 + -3?
-61
In base 10, what is -457 - 22?
-479
In base 13, what is -1 - 3?
-4
In base 4, what is 113 - 12213?
-12100
In base 16, what is 45 + 5a?
9f
In base